68. What is the hundreds digit of c?
5
What is the tens digit of ((-4)/(-6)*(-17070)/6)/((-15)/45)?
9
Suppose 0 = -5*b - 5*b + 45960. What is the units digit of b?
6
Suppose -7*m = -252 - 658. Let u = m + 56. Suppose 0 = 4*k + 2*k - u. What is the units digit of k?
1
Let n be (-37)/(-2)*(5 + -3 + -4). Let k = n + 45. What is the units digit of k/(-20)*10/2 - -82?
0
Let k = -1159 - -7365. What is the thousands digit of k?
6
Suppose -q - 2 = -d, 3*q - 29 = 17*d - 21*d. Suppose q*m + 23*m = 24830. What is the hundreds digit of m?
9
Let h(q) = -q**3 + 4*q**2 + q - 4. Let k be h(-2). Let w be (3/18*-3)/((-3)/k). Suppose 0 = -w*m + 12*m - 342. What is the units digit of m?
8
Suppose g - 3*f + 0*f = 57, g = 4*f + 62. What is the units digit of (g/(-4) + -5)*-2?
1
Suppose -y + c = -9859, -5*y - 1620*c + 49315 = -1621*c. What is the hundreds digit of y?
8
Suppose 0 = -4*j + o + 216, -2*j - 11*o + 98 = -9*o. Let u = 31 + j. What is the units digit of u?
4
Let q be 60/5*((-4)/(-8) - 1). Let x(p) = 18*p**2 - 14*p - 84. What is the hundreds digit of x(q)?
6
Let m be ((-4 + 4)*-1)/(-2). Suppose -4*a + 784 = t, m*t = -3*a + 3*t + 573. What is the hundreds digit of a?
1
Suppose 0 = 2*n - 3*a - 17596 + 2168, 5*a = -5*n + 38570. Suppose 0 = 9*f - 5561 - n. What is the tens digit of f?
7
Let x = -8498 + 14356. What is the thousands digit of x?
5
Let w(o) = 181*o**2 + 78*o + 518. What is the ten thousands digit of w(-8)?
1
Let x(b) = -2*b**2 - 175*b + 126. What is the tens digit of x(-66)?
6
Let c = -1711 + 971. Let u = -495 - c. What is the hundreds digit of u?
2
Suppose -2*u - 4*c = -5*u + 736, u = -c + 250. Let w be (-1)/(-9) - (19 - 10550/225). Suppose 0 = 32*a - w*a - u. What is the tens digit of a?
6
Let w(b) be the third derivative of 7*b**6/20 - b**4/6 + b**3 + 19*b**2. Let h be w(6). What is the tens digit of h/54 + 2/6?
6
Let b = 88932 - 55330. What is the ten thousands digit of b?
3
Let q(d) = 75*d + 14 - d**2 - 160*d + 77*d. Let h be q(-9). Suppose -h*f + 3*c + 322 = 0, 2*f - 3*f = 4*c - 69. What is the tens digit of f?
6
Let u = -591 + 285. Let d = u + 657. What is the tens digit of d?
5
Let j(y) = 2*y**2 - 4. Suppose 3*o - 2*b - 88 = 0, b - 5 = 4*o - 129. Suppose 0 = o*i - 29*i + 15. What is the tens digit of j(i)?
4
Suppose 999*q - 3*c + 2 = 998*q, 5*c + 27 = 4*q. Let r(m) be the third derivative of 7*m**4/24 - 31*m**3/6 - m**2. What is the tens digit of r(q)?
6
Let u = -44 - 197. Let y = u + 352. What is the hundreds digit of y?
1
Let p(c) = -2*c**2 + 5*c + 1441. What is the units digit of p(-24)?
9
What is the hundreds digit of (-5311287)/(-126) - 303/202*1/21?
1
Suppose -3*i = -6*i + 69. Suppose 24*y + 22 = i*y. What is the hundreds digit of (y/(-3))/(6/90)?
1
Suppose -81*h = -49*h + 32. Let f be (-2)/((-2 - -1)*-2). What is the units digit of -73*(4*h/2 + f)?
9
Suppose -5 = 3*u + 5*y - 7, u = y + 14. Suppose 3*d + u*d = 1920. What is the hundreds digit of d?
1
Suppose 22 = r + 4*l, 0 = 3*r + 2*r + l - 15. Suppose 12*b = -r*b + 3472. What is the tens digit of b?
4
Let h = 3744 - 1323. What is the hundreds digit of h?
4
Let v = -5430 - -14565. What is the tens digit of v?
3
Let z = -162 - -166. Suppose -5*v - 4*t + 2145 = 0, -z*v - 4*t + 1725 = t. What is the units digit of v?
5
Let b = 127 - 124. Let f be 0/((5 - b)/2). Suppose -6*q + 372 = -2*q + 4*l, -4*q + 5*l + 372 = f. What is the tens digit of q?
9
Suppose 5*q - 3*c = 236742, 42*c + 189392 = 4*q + 38*c. What is the hundreds digit of q?
3
Let p = -3084 - -7659. What is the hundreds digit of p?
5
Suppose 206*j = 234*j - 478996. What is the thousands digit of j?
7
What is the hundreds digit of -4*-4217*(-435)/58*2/(-10)?
3
What is the thousands digit of -1 - (-29368 - (6 + 12/(-12)))?
9
Let n = 754 + 2121. What is the tens digit of n?
7
Let m(r) = -223*r - 101. Suppose -h + 5*d = 9*d, 2*h + 3 = -5*d. What is the units digit of m(h)?
1
Suppose -224 = -87*s + 88*s. Let z = -469 - s. What is the units digit of 40/6*(z/(-14) + -1)?
0
Let h(n) = -2*n**3 - n + 141. Let y be h(0). Let w = -81 + y. Let g = w + -19. What is the tens digit of g?
4
Let t = -31065 - -60262. What is the tens digit of t?
9
Suppose -l + 1426 = -3869. What is the tens digit of l?
9
Suppose 7*y - 5401 = -1474. Let s = -13 + y. What is the hundreds digit of s?
5
Let i(v) = v**3 + 7*v**2 - 2*v - 6. Let l be i(-6). Suppose 25*y - 155 - 145 = 0. Let b = l - y. What is the tens digit of b?
3
What is the units digit of ((-7335)/(-27) + -4)*24?
4
Suppose 4*r + 4*f = -0*f, -2*r + 5*f + 21 = 0. Suppose -13 + 49 = r*j. Suppose -j*q - 932 = -16*q. What is the units digit of q?
3
Let m be (-13997)/15 - 14/(-105). Let l = m - -2037. What is the tens digit of l?
0
Suppose 0 = -6*j + 4 - 364. Let y = -200 - -302. Let n = j + y. What is the tens digit of n?
4
Let w(b) be the third derivative of 0*b - 13/3*b**3 + 0 + 37*b**2 - 41/24*b**4. What is the hundreds digit of w(-4)?
1
What is the hundreds digit of (-113952)/160*(1 + -9 - (-12 + 9))?
5
Suppose 500139 = 30*d + 31629. What is the units digit of d?
7
Let h be (-1)/(1/(-242)) - (-19 + 16). What is the tens digit of (4 + h)/(6/16)?
6
Let w(x) = 1171*x + 75. Let y(u) = 390*u + 25. Let g(i) = 2*w(i) - 7*y(i). What is the hundreds digit of g(-2)?
7
Let z = -34 - -37. Let s = z - -121. Suppose 3*g = -q + s, 4*g - q - 172 = -4*q. What is the tens digit of g?
4
What is the units digit of -13 + (495/44)/((-3)/(-11880))?
7
Let n = 2259 + 4275. What is the thousands digit of n?
6
Let s(u) = -19457*u - 1072. What is the thousands digit of s(-1)?
8
Suppose 2*i = 2*b - 0*b - 22, 2*b - i = 26. Let y = b + 147. Suppose -u + y = 3*v, -5*u + 256 = -2*v - 469. What is the hundreds digit of u?
1
Let c(t) = 2*t**3 - 50*t**2 - 36*t + 25. Suppose -52 = -144*m + 142*m. What is the hundreds digit of c(m)?
4
Suppose 42*t - 587751 = 378165. What is the units digit of t?
8
Let x(p) = 3*p - 13*p**2 + 44*p**3 + 2*p - 2*p**3 - 16*p**3 - 13. What is the tens digit of x(4)?
6
Let q(d) = -3*d**3 + d**2 + 9*d + 3. Let v be q(-2). Suppose v*k = k + 7032. What is the tens digit of k?
8
Let i = -59 + 82. Suppose 0 = 5*n - n + q - i, -22 = -5*n + q. Suppose -520 = -4*f - 3*h, h - 260 = -2*f + n*h. What is the tens digit of f?
3
Let p = 27188 - 14047. What is the tens digit of p?
4
Suppose -3*v + 71 = -202. Suppose b - v = -3*d, 0*d = -3*d + 3. What is the units digit of b?
8
Let q(a) = -10*a - 4*a**2 - 7 + 0*a**2 + 4 - 1 + 5*a**2. Let w(h) = -4*h - 1. Let u be w(-4). What is the units digit of q(u)?
1
Suppose 4*x = 28, 3*l + 76*x - 72*x - 134179 = 0. What is the thousands digit of l?
4
Suppose -3*b = 226 - 298. What is the units digit of (9/(-24)*-98)/(b/64)?
8
Let z(j) = 3*j**2 - 8*j + 14. Let p be z(11). Let v = -32 + p. What is the tens digit of v?
5
Let q(j) = 4*j**3 - 9*j**2 - 61*j + 309. What is the tens digit of q(18)?
2
Suppose 36*q - 35081 = 457831. What is the units digit of q?
2
Let a(c) = 536*c - 2184. What is the ten thousands digit of a(28)?
1
Suppose 3*n + 134 - 680 = 0. Let l(j) = j**3 + 2*j**2 - 5*j - 9. Let t be l(-4). What is the units digit of n/t*(0 + -15)?
0
Let s = 14499 - 9127. What is the tens digit of s?
7
Let p = -172 + 445. Let z = -495 + p. Let s = -113 - z. What is the units digit of s?
9
Suppose -3*a + 5*a = -5*r + 33, 3*a - 22 = -2*r. Suppose 5*q - 32 - 79 = -a*p, q = p - 21. What is the tens digit of -2 - (-5)/(10/p)?
1
What is the hundreds digit of -374*((20/110 - (-389)/(-22)) + 6)?
3
What is the thousands digit of 923143536/31734 + (-2)/43?
9
Let g = 24084 - 16821. What is the tens digit of g?
6
Suppose 13 = 3*r + 1, -4*c = -4*r - 216. Let n = c - 53. Suppose -n*l = -l - 708. What is the hundreds digit of l?
1
What is the thousands digit of -6*(-12)/(-312) + 216349/13?
6
Let w be (-2 - 3*-1)/((-13)/(-39)). Suppose 3*k = -p + 2639, 2*k + w*p - 1764 = 7*p. What is the units digit of k?
0
Let l(y) = y**3 + 21*y**2 + 39*y + 19. Let r be l(-19). Suppose j = -j - v - 3, r = 5*v - 25. Let s(t) = 16*t**2 + t - 17. What is the units digit of s(j)?
5
Suppose k = 3*z + 7 + 6, 4*k - 2*z - 22 = 0. Suppose 4*d = 12, 0 = k*s - 6*d + 7*d - 83. What is the tens digit of s?
2
Suppose -8*r + 103 + 65 = 0. Let z be (r/(-12) + -1)*-4. Suppose -z*x + 136 = -337. What is the tens digit of x?
4
What is the hu